{"id":2316,"date":"2026-04-20T09:45:38","date_gmt":"2026-04-20T09:45:38","guid":{"rendered":"https:\/\/ridebybike.performanceweb.it\/?page_id=2316"},"modified":"2026-04-23T08:35:38","modified_gmt":"2026-04-23T08:35:38","slug":"tour-de","status":"publish","type":"page","link":"https:\/\/ridebybike.performanceweb.it\/index.php\/de\/tour-de\/","title":{"rendered":"Tour De"},"content":{"rendered":"<p><div class=\"fusion-fullwidth fullwidth-box fusion-builder-row-1 fusion-flex-container has-pattern-background has-mask-background nonhundred-percent-fullwidth non-hundred-percent-height-scrolling\" style=\"--awb-border-radius-top-left:0px;--awb-border-radius-top-right:0px;--awb-border-radius-bottom-right:0px;--awb-border-radius-bottom-left:0px;--awb-margin-top:40px;--awb-flex-wrap:wrap;\" ><div class=\"fusion-builder-row fusion-row fusion-flex-align-items-flex-start fusion-flex-content-wrap\" style=\"max-width:1414.4px;margin-left: calc(-4% \/ 2 );margin-right: calc(-4% \/ 2 );\"><div class=\"fusion-layout-column fusion_builder_column fusion-builder-column-0 fusion_builder_column_1_1 1_1 fusion-flex-column\" style=\"--awb-bg-size:cover;--awb-width-large:100%;--awb-margin-top-large:0px;--awb-spacing-right-large:1.92%;--awb-margin-bottom-large:20px;--awb-spacing-left-large:1.92%;--awb-width-medium:100%;--awb-order-medium:0;--awb-spacing-right-medium:1.92%;--awb-spacing-left-medium:1.92%;--awb-width-small:100%;--awb-order-small:0;--awb-spacing-right-small:1.92%;--awb-spacing-left-small:1.92%;\"><div class=\"fusion-column-wrapper fusion-column-has-shadow fusion-flex-justify-content-flex-start fusion-content-layout-column\"><div class=\"fusion-title title fusion-title-1 fusion-sep-none fusion-title-center fusion-title-text fusion-title-size-two\" style=\"--awb-margin-top:0px;--awb-margin-bottom:0px;--awb-margin-top-small:10px;--awb-margin-right-small:0px;--awb-margin-bottom-small:10px;--awb-margin-left-small:0px;\"><h2 class=\"fusion-title-heading title-heading-center\" style=\"margin:0;\"><h2 class=\"size-46 m-size-37\" style=\"text-align: center;\"><span class=\"font-size-46 m-font-size-37\">Wir werden wundersch\u00f6ne Orte durchqueren!<\/span><\/h2><\/h2><\/div><div class=\"fusion-separator fusion-full-width-sep\" style=\"align-self: center;margin-left: auto;margin-right: auto;margin-top:5px;margin-bottom:5px;width:100%;\"><\/div><div class=\"fusion-text fusion-text-1 fusion-text-no-margin\" style=\"--awb-margin-top:0px;--awb-margin-right:0px;--awb-margin-bottom:0px;--awb-margin-left:0px;\"><p style=\"text-align: center;\">Die Touren, die ich begleite, werden in enger Zusammenarbeit mit den besten spezialisierten Reiseveranstaltern und Reiseb\u00fcros realizzato. Diese Synergie erm\u00f6glicht es uns, Reiserouten anzubieten, die sich jedem Typ von Radtouristen anpassen, unter Ber\u00fccksichtigung von Zeitvorgaben oder spezifischen k\u00f6rperlichen Anforderungen.<\/p>\n<p style=\"text-align: center;\">Dank meiner Erfahrung vor Ort kann ich Sie bei der Auswahl und Personalisierung jedes Details bestm\u00f6glich unterst\u00fctzen: von der Wahl der Fahrr\u00e4der oder E-Bikes \u00fcber Transfers (Zug\/Bus\/Auto\/Flugzeug) bis hin zur Gep\u00e4cklogistik und der Auswahl der besten Unterk\u00fcnfte. Alles unter Gew\u00e4hrleistung h\u00f6chster Standards an Sicherheit und technischer Unterst\u00fctzung.<\/p>\n<p style=\"text-align: center;\">Haben Sie eine Route im Kopf, die Sie auf dieser Seite nicht finden?<\/p>\n<p style=\"text-align: center;\">Fordern Sie die Planung einer individuellen Tour an: Wir entwerfen gemeinsam die ideale Route und \u00fcbergeben sie unseren autorisierten Partnern f\u00fcr die technische Organisation.<\/p>\n<\/div><\/div><\/div><\/div><\/div><div class=\"fusion-fullwidth fullwidth-box fusion-builder-row-2 fusion-flex-container has-pattern-background has-mask-background nonhundred-percent-fullwidth non-hundred-percent-height-scrolling\" style=\"--awb-border-radius-top-left:0px;--awb-border-radius-top-right:0px;--awb-border-radius-bottom-right:0px;--awb-border-radius-bottom-left:0px;--awb-margin-top:40px;--awb-flex-wrap:wrap;\" ><div class=\"fusion-builder-row fusion-row fusion-flex-align-items-flex-start fusion-flex-content-wrap\" style=\"max-width:1414.4px;margin-left: calc(-4% \/ 2 );margin-right: calc(-4% \/ 2 );\"><div class=\"fusion-layout-column fusion_builder_column fusion-builder-column-1 fusion_builder_column_1_2 1_2 fusion-flex-column\" style=\"--awb-bg-size:cover;--awb-width-large:50%;--awb-margin-top-large:0px;--awb-spacing-right-large:3.84%;--awb-margin-bottom-large:20px;--awb-spacing-left-large:3.84%;--awb-width-medium:50%;--awb-order-medium:0;--awb-spacing-right-medium:3.84%;--awb-spacing-left-medium:3.84%;--awb-width-small:100%;--awb-order-small:0;--awb-spacing-right-small:1.92%;--awb-spacing-left-small:1.92%;\"><div class=\"fusion-column-wrapper fusion-column-has-shadow fusion-flex-justify-content-flex-start fusion-content-layout-column\"><div class=\"fusion-image-element \" style=\"--awb-caption-title-font-family:var(--h2_typography-font-family);--awb-caption-title-font-weight:var(--h2_typography-font-weight);--awb-caption-title-font-style:var(--h2_typography-font-style);--awb-caption-title-size:var(--h2_typography-font-size);--awb-caption-title-transform:var(--h2_typography-text-transform);--awb-caption-title-line-height:var(--h2_typography-line-height);--awb-caption-title-letter-spacing:var(--h2_typography-letter-spacing);\"><span class=\" fusion-imageframe imageframe-none imageframe-1 hover-type-none\"><img decoding=\"async\" width=\"300\" height=\"225\" title=\"20200216_092051-7eff60d1-1920w\" src=\"https:\/\/ridebybike.performanceweb.it\/wp-content\/uploads\/2026\/04\/20200216_092051-7eff60d1-1920w.jpg\" data-orig-src=\"https:\/\/ridebybike.performanceweb.it\/wp-content\/uploads\/2026\/04\/20200216_092051-7eff60d1-1920w-300x225.jpg\" alt class=\"lazyload img-responsive wp-image-2023\" srcset=\"data:image\/svg+xml,%3Csvg%20xmlns%3D%27http%3A%2F%2Fwww.w3.org%2F2000%2Fsvg%27%20width%3D%271920%27%20height%3D%271440%27%20viewBox%3D%270%200%201920%201440%27%3E%3Crect%20width%3D%271920%27%20height%3D%271440%27%20fill-opacity%3D%220%22%2F%3E%3C%2Fsvg%3E\" data-srcset=\"https:\/\/ridebybike.performanceweb.it\/wp-content\/uploads\/2026\/04\/20200216_092051-7eff60d1-1920w-200x150.jpg 200w, https:\/\/ridebybike.performanceweb.it\/wp-content\/uploads\/2026\/04\/20200216_092051-7eff60d1-1920w-400x300.jpg 400w, https:\/\/ridebybike.performanceweb.it\/wp-content\/uploads\/2026\/04\/20200216_092051-7eff60d1-1920w-600x450.jpg 600w, https:\/\/ridebybike.performanceweb.it\/wp-content\/uploads\/2026\/04\/20200216_092051-7eff60d1-1920w-800x600.jpg 800w, https:\/\/ridebybike.performanceweb.it\/wp-content\/uploads\/2026\/04\/20200216_092051-7eff60d1-1920w-1200x900.jpg 1200w, https:\/\/ridebybike.performanceweb.it\/wp-content\/uploads\/2026\/04\/20200216_092051-7eff60d1-1920w.jpg 1920w\" data-sizes=\"auto\" data-orig-sizes=\"(max-width: 800px) 100vw, 800px\" \/><\/span><\/div><\/div><\/div><div class=\"fusion-layout-column fusion_builder_column fusion-builder-column-2 fusion_builder_column_1_2 1_2 fusion-flex-column\" style=\"--awb-bg-size:cover;--awb-width-large:50%;--awb-margin-top-large:0px;--awb-spacing-right-large:3.84%;--awb-margin-bottom-large:20px;--awb-spacing-left-large:3.84%;--awb-width-medium:50%;--awb-order-medium:0;--awb-spacing-right-medium:3.84%;--awb-spacing-left-medium:3.84%;--awb-width-small:100%;--awb-order-small:0;--awb-spacing-right-small:1.92%;--awb-spacing-left-small:1.92%;\"><div class=\"fusion-column-wrapper fusion-column-has-shadow fusion-flex-justify-content-flex-start fusion-content-layout-column\"><div class=\"fusion-title title fusion-title-2 fusion-sep-none fusion-title-text fusion-title-size-four\" style=\"--awb-margin-top:0px;--awb-margin-bottom:0px;--awb-margin-top-small:10px;--awb-margin-right-small:0px;--awb-margin-bottom-small:10px;--awb-margin-left-small:0px;\"><h4 class=\"fusion-title-heading title-heading-left\" style=\"margin:0;text-transform:none;\"><h3><\/h3>\n<h2 class=\"m-size-19 m-text-align-left size-24\"><strong class=\"m-font-size-21 font-size-26\">Halbtagestour<\/strong><\/h2>\n<h2 class=\"m-size-29 m-text-align-left size-36\"><span class=\"m-font-size-29 font-size-36\">\u00a0<\/span><\/h2><\/h4><\/div><div class=\"fusion-separator fusion-full-width-sep\" style=\"align-self: center;margin-left: auto;margin-right: auto;margin-top:5px;margin-bottom:5px;width:100%;\"><\/div><div class=\"fusion-text fusion-text-2 fusion-text-no-margin\" style=\"--awb-margin-top:0px;--awb-margin-right:0px;--awb-margin-bottom:0px;--awb-margin-left:0px;\"><p class=\"m-size-16\">Wenn Sie nur einen halben Tag Zeit haben und einen spektakul\u00e4ren Blick auf die weltber\u00fchmten Weinberge genie\u00dfen m\u00f6chten oder einen Rundweg entlang von Kan\u00e4len und B\u00e4chen am Stadtrand bevorzugen, ist dies die ideale Tour f\u00fcr Sie. Eine 3- bis 5-st\u00fcndige Fahrt mit Picknick oder einer gem\u00fctlichen Weinverkostung in einem Weingut, einer Osteria oder einem Bauernhof. Sicherheit und technische Unterst\u00fctzung sind durch meine professionelle Begleitung garantiert.<\/p>\n<\/div><\/div><\/div><\/div><\/div><div class=\"fusion-fullwidth fullwidth-box fusion-builder-row-3 fusion-flex-container nonhundred-percent-fullwidth non-hundred-percent-height-scrolling\" style=\"--awb-border-radius-top-left:0px;--awb-border-radius-top-right:0px;--awb-border-radius-bottom-right:0px;--awb-border-radius-bottom-left:0px;--awb-flex-wrap:wrap;\" ><div class=\"fusion-builder-row fusion-row fusion-flex-align-items-flex-start fusion-flex-content-wrap\" style=\"max-width:1414.4px;margin-left: calc(-4% \/ 2 );margin-right: calc(-4% \/ 2 );\"><div class=\"fusion-layout-column fusion_builder_column fusion-builder-column-3 fusion_builder_column_1_2 1_2 fusion-flex-column\" style=\"--awb-bg-size:cover;--awb-width-large:50%;--awb-margin-top-large:0px;--awb-spacing-right-large:3.84%;--awb-margin-bottom-large:20px;--awb-spacing-left-large:3.84%;--awb-width-medium:50%;--awb-order-medium:0;--awb-spacing-right-medium:3.84%;--awb-spacing-left-medium:3.84%;--awb-width-small:100%;--awb-order-small:0;--awb-spacing-right-small:1.92%;--awb-spacing-left-small:1.92%;\"><div class=\"fusion-column-wrapper fusion-column-has-shadow fusion-flex-justify-content-flex-start fusion-content-layout-column\"><div class=\"fusion-title title fusion-title-3 fusion-sep-none fusion-title-text fusion-title-size-four\" style=\"--awb-margin-top-small:10px;--awb-margin-right-small:0px;--awb-margin-bottom-small:10px;--awb-margin-left-small:0px;\"><h4 class=\"fusion-title-heading title-heading-left\" style=\"margin:0;text-transform:none;\"><h3 class=\"m-size-21 m-text-align-center size-26\"><\/h3>\n<h3 class=\"m-size-21 m-text-align-center size-26\"><span class=\"font-size-26 m-font-size-21\">Ganztagestouren<\/span><\/h3><\/h4><\/div><div class=\"fusion-text fusion-text-3\"><div id=\"1098176504\" class=\"u_1098176504 dmNewParagraph\" data-element-type=\"paragraph\" data-version=\"5\">\n<p>Wenn Sie einen ganzen Tag Zeit haben, sind die M\u00f6glichkeiten endlos: Wir k\u00f6nnen die sch\u00f6nsten Abschnitte des\u00a0<strong>Alpe-Adria-Radwegs<\/strong>\u00a0befahren, in die Bergw\u00e4lder eintauchen oder das Panorama von den H\u00fcgeln bis zum Meer genie\u00dfen. Jede Tour kann individuell gestaltet werden \u2013 mit einem Picknick oder Verkostungen lokaler Produkte in typischen Gasth\u00e4usern (Osterie). F\u00fcr diejenigen, die die Strecke ohne gro\u00dfe Anstrengung genie\u00dfen m\u00f6chten, besteht immer die M\u00f6glichkeit, ein\u00a0<strong>E-Bike<\/strong>\u00a0zu nutzen. Meine st\u00e4ndige technische Unterst\u00fctzung garantiert Ihnen einen sorgenfreien Tag in der Natur.<\/p>\n<\/div>\n<\/div><\/div><\/div><div class=\"fusion-layout-column fusion_builder_column fusion-builder-column-4 fusion_builder_column_1_2 1_2 fusion-flex-column\" style=\"--awb-bg-size:cover;--awb-width-large:50%;--awb-margin-top-large:0px;--awb-spacing-right-large:3.84%;--awb-margin-bottom-large:20px;--awb-spacing-left-large:3.84%;--awb-width-medium:50%;--awb-order-medium:0;--awb-spacing-right-medium:3.84%;--awb-spacing-left-medium:3.84%;--awb-width-small:100%;--awb-order-small:0;--awb-spacing-right-small:1.92%;--awb-spacing-left-small:1.92%;\"><div class=\"fusion-column-wrapper fusion-column-has-shadow fusion-flex-justify-content-flex-start fusion-content-layout-column\"><div class=\"fusion-image-element \" style=\"--awb-caption-title-font-family:var(--h2_typography-font-family);--awb-caption-title-font-weight:var(--h2_typography-font-weight);--awb-caption-title-font-style:var(--h2_typography-font-style);--awb-caption-title-size:var(--h2_typography-font-size);--awb-caption-title-transform:var(--h2_typography-text-transform);--awb-caption-title-line-height:var(--h2_typography-line-height);--awb-caption-title-letter-spacing:var(--h2_typography-letter-spacing);\"><span class=\" fusion-imageframe imageframe-none imageframe-2 hover-type-none\"><img decoding=\"async\" width=\"300\" height=\"300\" title=\"20220411_193046-ed174076-1920w\" src=\"https:\/\/ridebybike.performanceweb.it\/wp-content\/uploads\/2026\/04\/20220411_193046-ed174076-1920w.jpg\" data-orig-src=\"https:\/\/ridebybike.performanceweb.it\/wp-content\/uploads\/2026\/04\/20220411_193046-ed174076-1920w-300x300.jpg\" alt class=\"lazyload img-responsive wp-image-2056\" srcset=\"data:image\/svg+xml,%3Csvg%20xmlns%3D%27http%3A%2F%2Fwww.w3.org%2F2000%2Fsvg%27%20width%3D%271920%27%20height%3D%271919%27%20viewBox%3D%270%200%201920%201919%27%3E%3Crect%20width%3D%271920%27%20height%3D%271919%27%20fill-opacity%3D%220%22%2F%3E%3C%2Fsvg%3E\" data-srcset=\"https:\/\/ridebybike.performanceweb.it\/wp-content\/uploads\/2026\/04\/20220411_193046-ed174076-1920w-200x200.jpg 200w, https:\/\/ridebybike.performanceweb.it\/wp-content\/uploads\/2026\/04\/20220411_193046-ed174076-1920w-400x400.jpg 400w, https:\/\/ridebybike.performanceweb.it\/wp-content\/uploads\/2026\/04\/20220411_193046-ed174076-1920w-600x600.jpg 600w, https:\/\/ridebybike.performanceweb.it\/wp-content\/uploads\/2026\/04\/20220411_193046-ed174076-1920w-800x800.jpg 800w, https:\/\/ridebybike.performanceweb.it\/wp-content\/uploads\/2026\/04\/20220411_193046-ed174076-1920w-1200x1199.jpg 1200w, https:\/\/ridebybike.performanceweb.it\/wp-content\/uploads\/2026\/04\/20220411_193046-ed174076-1920w.jpg 1920w\" data-sizes=\"auto\" data-orig-sizes=\"(max-width: 800px) 100vw, 800px\" \/><\/span><\/div><\/div><\/div><\/div><\/div><div class=\"fusion-fullwidth fullwidth-box fusion-builder-row-4 fusion-flex-container nonhundred-percent-fullwidth non-hundred-percent-height-scrolling\" style=\"--awb-border-radius-top-left:0px;--awb-border-radius-top-right:0px;--awb-border-radius-bottom-right:0px;--awb-border-radius-bottom-left:0px;--awb-flex-wrap:wrap;\" ><div class=\"fusion-builder-row fusion-row fusion-flex-align-items-flex-start fusion-flex-content-wrap\" style=\"max-width:1414.4px;margin-left: calc(-4% \/ 2 );margin-right: calc(-4% \/ 2 );\"><div class=\"fusion-layout-column fusion_builder_column fusion-builder-column-5 fusion_builder_column_1_2 1_2 fusion-flex-column\" style=\"--awb-bg-size:cover;--awb-width-large:50%;--awb-margin-top-large:0px;--awb-spacing-right-large:3.84%;--awb-margin-bottom-large:20px;--awb-spacing-left-large:3.84%;--awb-width-medium:50%;--awb-order-medium:0;--awb-spacing-right-medium:3.84%;--awb-spacing-left-medium:3.84%;--awb-width-small:100%;--awb-order-small:0;--awb-spacing-right-small:1.92%;--awb-spacing-left-small:1.92%;\"><div class=\"fusion-column-wrapper fusion-column-has-shadow fusion-flex-justify-content-flex-start fusion-content-layout-column\"><div class=\"fusion-image-element \" style=\"--awb-caption-title-font-family:var(--h2_typography-font-family);--awb-caption-title-font-weight:var(--h2_typography-font-weight);--awb-caption-title-font-style:var(--h2_typography-font-style);--awb-caption-title-size:var(--h2_typography-font-size);--awb-caption-title-transform:var(--h2_typography-text-transform);--awb-caption-title-line-height:var(--h2_typography-line-height);--awb-caption-title-letter-spacing:var(--h2_typography-letter-spacing);\"><span class=\" fusion-imageframe imageframe-none imageframe-3 hover-type-none\"><img decoding=\"async\" width=\"1920\" height=\"1280\" title=\"pexels-photo-13036999-2880w\" src=\"https:\/\/ridebybike.performanceweb.it\/wp-content\/uploads\/2026\/04\/pexels-photo-13036999-2880w.jpeg\" data-orig-src=\"https:\/\/ridebybike.performanceweb.it\/wp-content\/uploads\/2026\/04\/pexels-photo-13036999-2880w.jpeg\" alt class=\"lazyload img-responsive wp-image-2111\" srcset=\"data:image\/svg+xml,%3Csvg%20xmlns%3D%27http%3A%2F%2Fwww.w3.org%2F2000%2Fsvg%27%20width%3D%271920%27%20height%3D%271280%27%20viewBox%3D%270%200%201920%201280%27%3E%3Crect%20width%3D%271920%27%20height%3D%271280%27%20fill-opacity%3D%220%22%2F%3E%3C%2Fsvg%3E\" data-srcset=\"https:\/\/ridebybike.performanceweb.it\/wp-content\/uploads\/2026\/04\/pexels-photo-13036999-2880w-200x133.jpeg 200w, https:\/\/ridebybike.performanceweb.it\/wp-content\/uploads\/2026\/04\/pexels-photo-13036999-2880w-400x267.jpeg 400w, https:\/\/ridebybike.performanceweb.it\/wp-content\/uploads\/2026\/04\/pexels-photo-13036999-2880w-600x400.jpeg 600w, https:\/\/ridebybike.performanceweb.it\/wp-content\/uploads\/2026\/04\/pexels-photo-13036999-2880w-800x533.jpeg 800w, https:\/\/ridebybike.performanceweb.it\/wp-content\/uploads\/2026\/04\/pexels-photo-13036999-2880w-1200x800.jpeg 1200w, https:\/\/ridebybike.performanceweb.it\/wp-content\/uploads\/2026\/04\/pexels-photo-13036999-2880w.jpeg 1920w\" data-sizes=\"auto\" data-orig-sizes=\"(max-width: 800px) 100vw, 800px\" \/><\/span><\/div><\/div><\/div><div class=\"fusion-layout-column fusion_builder_column fusion-builder-column-6 fusion_builder_column_1_2 1_2 fusion-flex-column\" style=\"--awb-bg-size:cover;--awb-width-large:50%;--awb-margin-top-large:0px;--awb-spacing-right-large:3.84%;--awb-margin-bottom-large:20px;--awb-spacing-left-large:3.84%;--awb-width-medium:50%;--awb-order-medium:0;--awb-spacing-right-medium:3.84%;--awb-spacing-left-medium:3.84%;--awb-width-small:100%;--awb-order-small:0;--awb-spacing-right-small:1.92%;--awb-spacing-left-small:1.92%;\"><div class=\"fusion-column-wrapper fusion-column-has-shadow fusion-flex-justify-content-flex-start fusion-content-layout-column\"><div class=\"fusion-title title fusion-title-4 fusion-sep-none fusion-title-text fusion-title-size-four\" style=\"--awb-margin-top-small:10px;--awb-margin-right-small:0px;--awb-margin-bottom-small:10px;--awb-margin-left-small:0px;\"><h4 class=\"fusion-title-heading title-heading-left\" style=\"margin:0;text-transform:none;\"><h3 class=\"m-size-21 m-text-align-center size-26\"><span class=\"font-size-26 m-font-size-21\">Mehrtagestouren: Zwei, drei oder mehr Tage<\/span><\/h3><\/h4><\/div><div class=\"fusion-text fusion-text-4\"><p>Wenn Sie sich ein Wochenende oder eine ganze Woche Zeit nehmen k\u00f6nnen, werden die Horizonte weiter. Von den Alpen bis zu den\u00a0<strong>EuroVelo-Routen<\/strong>\u00a0Europas wird jeder Reisewunsch wahr. Ob purabenteuerlich mit dem Zelt oder komfortables\u00a0<strong>Bikepacking<\/strong>\u00a0mit \u00dcbernachtungen in ausgew\u00e4hlten Hotels \u2013 meine Erfahrung steht Ihnen zur Verf\u00fcgung. Jedes Projekt wird in Synergie mit f\u00fchrenden\u00a0<strong>Reiseveranstaltern<\/strong>\u00a0entwickelt, um eine exzellente technische Organisation zu gew\u00e4hrleisten.<\/p>\n<p><strong>Die wichtigsten Routen im Programm:<\/strong><\/p>\n<ul class=\"defaultList bullet\">\n<li><strong>Alpe-Adria-Radweg:<\/strong>\u00a0von Salzburg nach Grado.<\/li>\n<li><strong>Parenzana:<\/strong>\u00a0von Triest nach Pore\u010d (Kroatien).<\/li>\n<li><strong>Donauradweg:<\/strong>\u00a0der zeitlose Klassiker.<\/li>\n<li><strong>Elberadweg:<\/strong>\u00a0von Prag nach Hamburg.<\/li>\n<li><strong>Schwarzwald-Radweg:<\/strong>\u00a0von Waldshut nach Pforzheim.<\/li>\n<\/ul>\n<\/div><\/div><\/div><\/div><\/div><div class=\"fusion-fullwidth fullwidth-box fusion-builder-row-5 fusion-flex-container has-pattern-background has-mask-background nonhundred-percent-fullwidth non-hundred-percent-height-scrolling\" style=\"--awb-border-sizes-top:0px;--awb-border-sizes-bottom:0px;--awb-border-sizes-left:0px;--awb-border-sizes-right:0px;--awb-border-color:var(--awb-color8);--awb-border-radius-top-left:10px;--awb-border-radius-top-right:10px;--awb-border-radius-bottom-right:10px;--awb-border-radius-bottom-left:10px;--awb-overflow:hidden;--awb-padding-top:40px;--awb-padding-right:20px;--awb-padding-bottom:20px;--awb-padding-left:20px;--awb-margin-bottom:60px;--awb-background-color:var(--awb-color8);--awb-flex-wrap:wrap;\" ><div class=\"fusion-builder-row fusion-row fusion-flex-align-items-flex-start fusion-flex-content-wrap\" style=\"max-width:1414.4px;margin-left: calc(-4% \/ 2 );margin-right: calc(-4% \/ 2 );\"><div class=\"fusion-layout-column fusion_builder_column fusion-builder-column-7 fusion_builder_column_1_1 1_1 fusion-flex-column\" style=\"--awb-bg-size:cover;--awb-width-large:100%;--awb-margin-top-large:0px;--awb-spacing-right-large:1.92%;--awb-margin-bottom-large:20px;--awb-spacing-left-large:1.92%;--awb-width-medium:100%;--awb-order-medium:0;--awb-spacing-right-medium:1.92%;--awb-spacing-left-medium:1.92%;--awb-width-small:100%;--awb-order-small:0;--awb-spacing-right-small:1.92%;--awb-spacing-left-small:1.92%;\"><div class=\"fusion-column-wrapper fusion-column-has-shadow fusion-flex-justify-content-flex-start fusion-content-layout-column\"><div class=\"fusion-title title fusion-title-5 fusion-sep-none fusion-title-center fusion-title-text fusion-title-size-three\" style=\"--awb-margin-top-small:10px;--awb-margin-right-small:0px;--awb-margin-bottom-small:10px;--awb-margin-left-small:0px;\"><h3 class=\"fusion-title-heading title-heading-center\" style=\"margin:0;\"><h3 class=\"m-size-25 m-text-align-center size-24\" style=\"text-align: center;\"><\/h3>\n<h2 class=\"text-align-center\" style=\"text-align: center;\">Sicheres und sorgenfreies Reisen ist f\u00fcr uns essenziell. Wir empfehlen es sehr!<\/h2>\n<p style=\"text-align: center;\"><span class=\"font-size-17 m-font-size-14\">Giulio, Enrica, Valentino, Paola, Massimo von Turin<\/span><\/p><\/h3><\/div><\/div><\/div><\/div><\/div><\/p>\n","protected":false},"excerpt":{"rendered":"","protected":false},"author":1,"featured_media":0,"parent":0,"menu_order":0,"comment_status":"closed","ping_status":"closed","template":"","meta":{"footnotes":""},"class_list":["post-2316","page","type-page","status-publish","hentry"],"_links":{"self":[{"href":"https:\/\/ridebybike.performanceweb.it\/index.php\/wp-json\/wp\/v2\/pages\/2316","targetHints":{"allow":["GET"]}}],"collection":[{"href":"https:\/\/ridebybike.performanceweb.it\/index.php\/wp-json\/wp\/v2\/pages"}],"about":[{"href":"https:\/\/ridebybike.performanceweb.it\/index.php\/wp-json\/wp\/v2\/types\/page"}],"author":[{"embeddable":true,"href":"https:\/\/ridebybike.performanceweb.it\/index.php\/wp-json\/wp\/v2\/users\/1"}],"replies":[{"embeddable":true,"href":"https:\/\/ridebybike.performanceweb.it\/index.php\/wp-json\/wp\/v2\/comments?post=2316"}],"version-history":[{"count":3,"href":"https:\/\/ridebybike.performanceweb.it\/index.php\/wp-json\/wp\/v2\/pages\/2316\/revisions"}],"predecessor-version":[{"id":2403,"href":"https:\/\/ridebybike.performanceweb.it\/index.php\/wp-json\/wp\/v2\/pages\/2316\/revisions\/2403"}],"wp:attachment":[{"href":"https:\/\/ridebybike.performanceweb.it\/index.php\/wp-json\/wp\/v2\/media?parent=2316"}],"curies":[{"name":"wp","href":"https:\/\/api.w.org\/{rel}","templated":true}]}}